{"id":875,"date":"2023-11-16T21:03:12","date_gmt":"2023-11-17T00:03:12","guid":{"rendered":"http:\/\/sjcampos.cedecom.ufmg.br:8888\/odonto_posgrad\/?page_id=875"},"modified":"2023-11-22T16:17:21","modified_gmt":"2023-11-22T19:17:21","slug":"formularios","status":"publish","type":"page","link":"http:\/\/sjcampos.cedecom.ufmg.br:8888\/odonto_posgrad\/formularios\/","title":{"rendered":"FORMUL\u00c1RIOS"},"content":{"rendered":"<div ><style>#sp-ea-1078 .spcollapsing { height: 0; overflow: hidden; transition-property: height;transition-duration: 300ms;}#sp-ea-1078.sp-easy-accordion>.sp-ea-single {margin-bottom: 10px; border: 1px solid #e2e2e2; }#sp-ea-1078.sp-easy-accordion>.sp-ea-single>.ea-header a {color: #444;}#sp-ea-1078.sp-easy-accordion>.sp-ea-single>.sp-collapse>.ea-body {background: #fff; color: #444;}#sp-ea-1078.sp-easy-accordion>.sp-ea-single {background: #eee;}#sp-ea-1078.sp-easy-accordion>.sp-ea-single>.ea-header a .ea-expand-icon { float: left; color: #444;font-size: 16px;}<\/style><div id=\"sp_easy_accordion-1700679101\">\n<div id=\"sp-ea-1078\" class=\"sp-ea-one sp-easy-accordion\" data-ex-icon=\"minus\" data-col-icon=\"plus\" data-ea-active=\"ea-click\" data-ea-mode=\"vertical\" data-preloader=\"\" data-scroll-active-item=\"\" data-offset-to-scroll=\"0\">\n\t<!-- Start accordion card div. -->\n\t<div class=\"ea-card ea-expand sp-ea-single\">\n\t\t<!-- Start accordion header. -->\n\t\t<h3 class=\"ea-header\">\n\t\t\t<!-- Add anchor tag for header. -->\n\t\t\t<a class=\"collapsed\" id=\"ea-header-10780\" data-sptoggle=\"spcollapse\" data-sptarget=\"#collapse10780\" aria-controls=\"collapse10780\" href=\"#\"  aria-expanded=\"true\" tabindex=\"0\">\n\t\t\tDocumentos \t\t\t<\/a> <!-- Close anchor tag for header. -->\n\t\t<\/h3>\t<!-- Close header tag. -->\n\t\t<!-- Start collapsible content div. -->\n\t\t<div class=\"sp-collapse spcollapse collapsed show\" id=\"collapse10780\" data-parent=\"#sp-ea-1078\" role=\"region\" aria-labelledby=\"ea-header-10780\">  <!-- Content div. -->\n\t\t\t<div class=\"ea-body\">\n\t\t\t<ul>\n<li>\n<article class=\"article-icon-entry av-iconlist-empty\">\n<div class=\"iconlist_content_wrap\">\n<header class=\"entry-content-header\">\n<div class=\"av_iconlist_title iconlist_title_small \"><a href=\"http:\/\/sjcampos.cedecom.ufmg.br:8888\/odonto_posgrad\/wp-content\/uploads\/2023\/11\/posgrad-formulario-conclusao.docx\">Formul\u00e1rio de Conclus\u00e3o<\/a><\/div>\n<\/header>\n<div class=\"iconlist_content \"><\/div>\n<\/div>\n<footer class=\"entry-footer\"><\/footer>\n<\/article>\n<\/li>\n<li>\n<article class=\"article-icon-entry av-iconlist-empty\">\n<div class=\"iconlist_content_wrap\">\n<header class=\"entry-content-header\">\n<div class=\"av_iconlist_title iconlist_title_small \"><a href=\"http:\/\/sjcampos.cedecom.ufmg.br:8888\/odonto_posgrad\/wp-content\/uploads\/2023\/11\/Formulario-marcacao-de-qualificacao-1.doc\">Formul\u00e1rio Marca\u00e7\u00e3o de Qualifica\u00e7\u00e3o<\/a><\/div>\n<\/header>\n<div class=\"iconlist_content \"><\/div>\n<\/div>\n<footer class=\"entry-footer\"><\/footer>\n<\/article>\n<\/li>\n<li>\n<article class=\"article-icon-entry av-iconlist-empty\">\n<div class=\"iconlist_content_wrap\">\n<header class=\"entry-content-header\">\n<div class=\"av_iconlist_title iconlist_title_small \"><a href=\"http:\/\/sjcampos.cedecom.ufmg.br:8888\/odonto_posgrad\/wp-content\/uploads\/2023\/11\/Formulario-marcacao-de-dissertacao-tese-2.doc\">Formul\u00e1rio Marca\u00e7\u00e3o de Defesa<\/a><\/div>\n<\/header>\n<div class=\"iconlist_content \"><\/div>\n<\/div>\n<footer class=\"entry-footer\"><\/footer>\n<\/article>\n<\/li>\n<li>\n<article class=\"article-icon-entry av-iconlist-empty\">\n<div class=\"iconlist_content_wrap\">\n<header class=\"entry-content-header\">\n<div class=\"av_iconlist_title iconlist_title_small \"><a href=\"http:\/\/sjcampos.cedecom.ufmg.br:8888\/odonto_posgrad\/wp-content\/uploads\/2023\/11\/form_disciplina_isolada_modelo-1.docx\">Formul\u00e1rio de Disciplina Isolada<\/a><\/div>\n<\/header>\n<div class=\"iconlist_content \"><\/div>\n<\/div>\n<footer class=\"entry-footer\"><\/footer>\n<\/article>\n<\/li>\n<li>\n<article class=\"article-icon-entry av-iconlist-empty\">\n<div class=\"iconlist_content_wrap\">\n<header class=\"entry-content-header\">\n<div class=\"av_iconlist_title iconlist_title_small \"><a href=\"http:\/\/sjcampos.cedecom.ufmg.br:8888\/odonto_posgrad\/wp-content\/uploads\/2023\/11\/posgrad-formulario-projeto-pesq-para-analise.docx\">Formul\u00e1rio de Projeto de Pesquisa para An\u00e1lise<\/a><\/div>\n<\/header>\n<div class=\"iconlist_content \"><\/div>\n<\/div>\n<footer class=\"entry-footer\"><\/footer>\n<\/article>\n<\/li>\n<li>\n<article class=\"article-icon-entry av-iconlist-empty\">\n<div class=\"iconlist_content_wrap\">\n<header class=\"entry-content-header\">\n<div class=\"av_iconlist_title iconlist_title_small \"><a href=\"http:\/\/sjcampos.cedecom.ufmg.br:8888\/odonto_posgrad\/wp-content\/uploads\/2023\/11\/requerimento_emiss_diploma_-2.pdf\">Formul\u00e1rio de Requerimento de Emiss\u00e3o de Diploma &#8211; 2\u00aa via<\/a><\/div>\n<\/header>\n<div class=\"iconlist_content \"><\/div>\n<\/div>\n<footer class=\"entry-footer\"><\/footer>\n<\/article>\n<\/li>\n<li>\n<article class=\"article-icon-entry av-iconlist-empty\">\n<div class=\"iconlist_content_wrap\">\n<header class=\"entry-content-header\">\n<div class=\"av_iconlist_title iconlist_title_small \"><a href=\"http:\/\/sjcampos.cedecom.ufmg.br:8888\/odonto_posgrad\/wp-content\/uploads\/2023\/11\/Relatorio-de-Atividades-Discente-aluno.doc\">Formul\u00e1rio Relat\u00f3rio de Atividades Discentes<\/a><\/div>\n<\/header>\n<div class=\"iconlist_content \"><\/div>\n<\/div>\n<footer class=\"entry-footer\"><\/footer>\n<\/article>\n<\/li>\n<li>\n<article class=\"article-icon-entry av-iconlist-empty\">\n<div class=\"iconlist_content_wrap\">\n<header class=\"entry-content-header\">\n<div class=\"av_iconlist_title iconlist_title_small \"><a href=\"http:\/\/sjcampos.cedecom.ufmg.br:8888\/odonto_posgrad\/wp-content\/uploads\/2023\/11\/Parecer-sobre-Relatorio-de-Atividades-Discentes-parecerista.doc\">Formul\u00e1rio Parecer sobre Relat\u00f3rio de Atividades Discentes<\/a><\/div>\n<\/header>\n<\/div>\n<footer class=\"entry-footer\"><\/footer>\n<footer class=\"entry-footer\"><\/footer>\n<div class=\"iconlist_content_wrap\">\n<div class=\"iconlist_content \"><\/div>\n<\/div>\n<footer class=\"entry-footer\"><\/footer>\n<\/article>\n<\/li>\n<li>\n<article class=\"article-icon-entry av-iconlist-empty\">\n<div class=\"iconlist_content_wrap\">\n<header class=\"entry-content-header\">\n<div class=\"av_iconlist_title iconlist_title_small \"><a href=\"http:\/\/sjcampos.cedecom.ufmg.br:8888\/odonto_posgrad\/wp-content\/uploads\/2023\/11\/Checklist-Doc-Exped-Mestrado.doc\">Documentos Diploma Mestrado Acad\u00eamico<\/a><\/div>\n<\/header>\n<div class=\"iconlist_content \"><\/div>\n<\/div>\n<footer class=\"entry-footer\"><\/footer>\n<\/article>\n<\/li>\n<li>\n<article class=\"article-icon-entry av-iconlist-empty\">\n<div class=\"iconlist_content_wrap\">\n<header class=\"entry-content-header\">\n<div class=\"av_iconlist_title iconlist_title_small \"><a href=\"http:\/\/sjcampos.cedecom.ufmg.br:8888\/odonto_posgrad\/wp-content\/uploads\/2023\/11\/Checklist-Doc-Exped-Doutorado.doc\">Documentos Diploma Doutorado<\/a><\/div>\n<\/header>\n<div class=\"iconlist_content \"><\/div>\n<\/div>\n<footer class=\"entry-footer\"><\/footer>\n<\/article>\n<\/li>\n<li>\n<article class=\"article-icon-entry av-iconlist-empty\">\n<div class=\"iconlist_content_wrap\">\n<header class=\"entry-content-header\">\n<div class=\"av_iconlist_title iconlist_title_small \"><a href=\"http:\/\/sjcampos.cedecom.ufmg.br:8888\/odonto_posgrad\/wp-content\/uploads\/2023\/11\/Checklist-Doc-Exped-Mestrado-Profissional.doc\">Documentos Diploma Mestrado Profissional<\/a><\/div>\n<\/header>\n<div class=\"iconlist_content \"><\/div>\n<\/div>\n<footer class=\"entry-footer\"><\/footer>\n<\/article>\n<\/li>\n<li>\n<article class=\"article-icon-entry av-iconlist-empty\">\n<div class=\"iconlist_content_wrap\">\n<header class=\"entry-content-header\">\n<div class=\"av_iconlist_title iconlist_title_small \"><a href=\"http:\/\/sjcampos.cedecom.ufmg.br:8888\/odonto_posgrad\/wp-content\/uploads\/2023\/11\/Checklista-Doc-Exp-certificado-Especializacao.doc\">Documento Certificado Especializa\u00e7\u00e3o<\/a><\/div>\n<\/header>\n<\/div>\n<\/article>\n<\/li>\n<\/ul>\n\t\t\t<\/div> <!-- Close content div. -->\n\t\t<\/div> <!-- Close collapse div. -->\n\t<\/div> <!-- Close card div. -->\n\t<\/div>\n<\/div>\n<\/div>","protected":false},"excerpt":{"rendered":"","protected":false},"author":2,"featured_media":0,"parent":0,"menu_order":61,"comment_status":"closed","ping_status":"closed","template":"","meta":{"_acf_changed":false,"footnotes":""},"class_list":["post-875","page","type-page","status-publish","hentry"],"acf":[],"_links":{"self":[{"href":"http:\/\/sjcampos.cedecom.ufmg.br:8888\/odonto_posgrad\/wp-json\/wp\/v2\/pages\/875"}],"collection":[{"href":"http:\/\/sjcampos.cedecom.ufmg.br:8888\/odonto_posgrad\/wp-json\/wp\/v2\/pages"}],"about":[{"href":"http:\/\/sjcampos.cedecom.ufmg.br:8888\/odonto_posgrad\/wp-json\/wp\/v2\/types\/page"}],"author":[{"embeddable":true,"href":"http:\/\/sjcampos.cedecom.ufmg.br:8888\/odonto_posgrad\/wp-json\/wp\/v2\/users\/2"}],"replies":[{"embeddable":true,"href":"http:\/\/sjcampos.cedecom.ufmg.br:8888\/odonto_posgrad\/wp-json\/wp\/v2\/comments?post=875"}],"version-history":[{"count":2,"href":"http:\/\/sjcampos.cedecom.ufmg.br:8888\/odonto_posgrad\/wp-json\/wp\/v2\/pages\/875\/revisions"}],"predecessor-version":[{"id":1093,"href":"http:\/\/sjcampos.cedecom.ufmg.br:8888\/odonto_posgrad\/wp-json\/wp\/v2\/pages\/875\/revisions\/1093"}],"wp:attachment":[{"href":"http:\/\/sjcampos.cedecom.ufmg.br:8888\/odonto_posgrad\/wp-json\/wp\/v2\/media?parent=875"}],"curies":[{"name":"wp","href":"https:\/\/api.w.org\/{rel}","templated":true}]}}