{"id":596,"date":"2023-11-10T16:38:11","date_gmt":"2023-11-10T19:38:11","guid":{"rendered":"http:\/\/sjcampos.cedecom.ufmg.br:8888\/odonto_posgrad\/?page_id=596"},"modified":"2023-11-10T16:58:17","modified_gmt":"2023-11-10T19:58:17","slug":"coordenacao-2","status":"publish","type":"page","link":"http:\/\/sjcampos.cedecom.ufmg.br:8888\/odonto_posgrad\/coordenacao-2\/","title":{"rendered":"Coordena\u00e7\u00e3o"},"content":{"rendered":"\n<div class=\"wp-block-media-text alignwide is-stacked-on-mobile\" style=\"grid-template-columns:31% auto\"><figure class=\"wp-block-media-text__media\"><img loading=\"lazy\" decoding=\"async\" width=\"216\" height=\"234\" src=\"http:\/\/sjcampos.cedecom.ufmg.br:8888\/odonto_posgrad\/wp-content\/uploads\/2023\/11\/Livia-Guimaraes-Zina.jpg\" alt=\"\" class=\"wp-image-600 size-full\"\/><\/figure><div class=\"wp-block-media-text__content\">\n<hr class=\"wp-block-separator has-alpha-channel-opacity\"\/>\n\n\n\n<p><strong>Coordenadora<\/strong> &#8211; Professora <a href=\"http:\/\/somos.ufmg.br\/professor\/livia-guimaraes-zina\" target=\"_blank\" rel=\"noreferrer noopener\">L\u00edvia Guimar\u00e3es Zina<\/a>. Gest\u00e3o 2023-2025. Mestre (2003) e Doutora (2009) em Odontologia Preventiva e Social pela UNESP. Desenvolveu pesquisa junto \u00e0 Universidade de Washington (EUA), por meio de est\u00e1gio de doutorado sandu\u00edche. Tem atuado principalmente nos seguintes temas: pr\u00e9-natal odontol\u00f3gico, odontologia baseada em evid\u00eancia, aleitamento materno, sa\u00fade materno-infantil, epidemiologia e sa\u00fade p\u00fablica. \u00c9 professora adjunta no Departamento de Odontologia Social e Preventiva. \u00c9 embaixadora do Parent in Science, pesquisadora e m\u00e3e.<\/p>\n<\/div><\/div>\n\n\n\n<div class=\"wp-block-media-text alignwide is-stacked-on-mobile\" style=\"grid-template-columns:31% auto\"><figure class=\"wp-block-media-text__media\"><img loading=\"lazy\" decoding=\"async\" width=\"200\" height=\"300\" src=\"http:\/\/sjcampos.cedecom.ufmg.br:8888\/odonto_posgrad\/wp-content\/uploads\/2023\/11\/Loliza-Chalub.jpeg\" alt=\"\" class=\"wp-image-601 size-full\"\/><\/figure><div class=\"wp-block-media-text__content\">\n<p><strong>Subcoordenadora<\/strong> &#8211; Professora <a href=\"http:\/\/somos.ufmg.br\/professor\/loliza-chalub-luiz-figueiredo-houri\" target=\"_blank\" rel=\"noreferrer noopener\">Loliza Chalub Luiz Figueiredo Houri<\/a>. Gest\u00e3o 2023-2025. Mestre (2012) e Doutora (2015) em Odontologia, \u00e1rea de concentra\u00e7\u00e3o Sa\u00fade Coletiva, pela Universidade Federal de Minas Gerais. Atua principalmente na \u00e1rea de Sa\u00fade P\u00fablica nos seguintes temas: determinantes sociais da sa\u00fade, epidemiologia, denti\u00e7\u00e3o funcional, periodontia, qualidade de vida, pr\u00e1ticas educativas em sa\u00fade.<\/p>\n<\/div><\/div>\n","protected":false},"excerpt":{"rendered":"<p>Subcoordenadora &#8211; Professora Loliza Chalub Luiz Figueiredo Houri. Gest\u00e3o 2023-2025. Mestre (2012) e Doutora (2015) em Odontologia, \u00e1rea de concentra\u00e7\u00e3o Sa\u00fade Coletiva, pela Universidade Federal de Minas Gerais. Atua principalmente na \u00e1rea de Sa\u00fade P\u00fablica nos seguintes temas: determinantes sociais da sa\u00fade, epidemiologia, denti\u00e7\u00e3o funcional, periodontia, qualidade de vida, pr\u00e1ticas educativas em sa\u00fade.<\/p>\n","protected":false},"author":2,"featured_media":0,"parent":0,"menu_order":95,"comment_status":"closed","ping_status":"closed","template":"","meta":{"_acf_changed":false,"footnotes":""},"class_list":["post-596","page","type-page","status-publish","hentry"],"acf":[],"_links":{"self":[{"href":"http:\/\/sjcampos.cedecom.ufmg.br:8888\/odonto_posgrad\/wp-json\/wp\/v2\/pages\/596"}],"collection":[{"href":"http:\/\/sjcampos.cedecom.ufmg.br:8888\/odonto_posgrad\/wp-json\/wp\/v2\/pages"}],"about":[{"href":"http:\/\/sjcampos.cedecom.ufmg.br:8888\/odonto_posgrad\/wp-json\/wp\/v2\/types\/page"}],"author":[{"embeddable":true,"href":"http:\/\/sjcampos.cedecom.ufmg.br:8888\/odonto_posgrad\/wp-json\/wp\/v2\/users\/2"}],"replies":[{"embeddable":true,"href":"http:\/\/sjcampos.cedecom.ufmg.br:8888\/odonto_posgrad\/wp-json\/wp\/v2\/comments?post=596"}],"version-history":[{"count":2,"href":"http:\/\/sjcampos.cedecom.ufmg.br:8888\/odonto_posgrad\/wp-json\/wp\/v2\/pages\/596\/revisions"}],"predecessor-version":[{"id":602,"href":"http:\/\/sjcampos.cedecom.ufmg.br:8888\/odonto_posgrad\/wp-json\/wp\/v2\/pages\/596\/revisions\/602"}],"wp:attachment":[{"href":"http:\/\/sjcampos.cedecom.ufmg.br:8888\/odonto_posgrad\/wp-json\/wp\/v2\/media?parent=596"}],"curies":[{"name":"wp","href":"https:\/\/api.w.org\/{rel}","templated":true}]}}