{"id":271,"date":"2023-10-30T09:52:49","date_gmt":"2023-10-30T12:52:49","guid":{"rendered":"http:\/\/sjcampos.cedecom.ufmg.br:8888\/odonto_posgrad\/?page_id=271"},"modified":"2024-04-04T21:46:45","modified_gmt":"2024-04-05T00:46:45","slug":"apresentacao","status":"publish","type":"page","link":"http:\/\/sjcampos.cedecom.ufmg.br:8888\/odonto_posgrad\/","title":{"rendered":"APRESENTA\u00c7\u00c3O"},"content":{"rendered":"<div ><style>#sp-ea-911 .spcollapsing { height: 0; overflow: hidden; transition-property: height;transition-duration: 300ms;}#sp-ea-911.sp-easy-accordion>.sp-ea-single {margin-bottom: 10px; border: 1px none #ffffff; }#sp-ea-911.sp-easy-accordion>.sp-ea-single>.ea-header a {color: #444;}#sp-ea-911.sp-easy-accordion>.sp-ea-single>.sp-collapse>.ea-body {background: #fff; color: #444;}#sp-ea-911.sp-easy-accordion>.sp-ea-single {background: transparent;}#sp-ea-911.sp-easy-accordion>.sp-ea-single>.ea-header a .ea-expand-icon { float: left; color: #444;font-size: 16px;}<\/style><div id=\"sp_easy_accordion-1700251153\">\n<div id=\"sp-ea-911\" class=\"sp-ea-one sp-easy-accordion\" data-ex-icon=\"minus\" data-col-icon=\"plus\" data-ea-active=\"ea-click\" data-ea-mode=\"vertical\" data-preloader=\"\" data-scroll-active-item=\"\" data-offset-to-scroll=\"0\">\n\t<!-- Start accordion card div. -->\n\t<div class=\"ea-card ea-expand sp-ea-single\">\n\t\t<!-- Start accordion header. -->\n\t\t<h3 class=\"ea-header\">\n\t\t\t<!-- Add anchor tag for header. -->\n\t\t\t<a class=\"collapsed\" id=\"ea-header-9110\" data-sptoggle=\"spcollapse\" data-sptarget=\"#collapse9110\" aria-controls=\"collapse9110\" href=\"#\"  aria-expanded=\"true\" tabindex=\"0\">\n\t\t\t\t\t\t<\/a> <!-- Close anchor tag for header. -->\n\t\t<\/h3>\t<!-- Close header tag. -->\n\t\t<!-- Start collapsible content div. -->\n\t\t<div class=\"sp-collapse spcollapse collapsed show\" id=\"collapse9110\" data-parent=\"#sp-ea-911\" role=\"region\" aria-labelledby=\"ea-header-9110\">  <!-- Content div. -->\n\t\t\t<div class=\"ea-body\">\n\t\t\t<p style=\"text-align: justify\">O Programa de P\u00f3s-Gradua\u00e7\u00e3o em Odontologia iniciou suas atividades em 1978. Ao longo desses anos tem enfrentado os desafios da forma\u00e7\u00e3o de recursos humanos de qualidade e, nos anos 1990, passou por uma total reestrutura\u00e7\u00e3o. Este processo foi norteado pelos seguintes princ\u00edpios b\u00e1sicos: flexibiliza\u00e7\u00e3o curricular, integra\u00e7\u00e3o entre as \u00e1reas de conhecimento, racionaliza\u00e7\u00e3o dos encargos did\u00e1ticos. Adicionalmente, uma nova filosofia se estabeleceu, voltada para a forma\u00e7\u00e3o profissional e acad\u00eamica qualificada de professores e pesquisadores, mediante processo de aprofundamento do conhecimento, tendo como n\u00facleo de ensino o desenvolvimento da pesquisa, de modo a capacitar pessoal, compreender e interpretar criticamente a leitura pertinente e vivenciar concretamente, as situa\u00e7\u00f5es apresentadas pela sociedade em cada \u00e1rea de conhecimento. Para alcan\u00e7ar este perfil, uma nova metodologia de ensino foi delineada, voltando-se para o ensino participativo e problematizador.<\/p>\n<p style=\"text-align: justify\">Atualmente o Programa de P\u00f3s-Gradua\u00e7\u00e3o em Odontologia possui os n\u00edveis de mestrado acad\u00eamico e doutorado em sete \u00e1reas de concentra\u00e7\u00e3o: Cl\u00ednica Odontol\u00f3gica, Endodontia, Estomatologia, Odontopediatria, Patologia Bucal, Periodontia e Sa\u00fade Coletiva. Recebeu conceito de excel\u00eancia internacional (Nota 7) pela CAPES, ag\u00eancia governamental vinculada ao Minist\u00e9rio de Educa\u00e7\u00e3o.<\/p>\n<p style=\"text-align: justify\">Em 2014 teve in\u00edcio o Mestrado Profissional de Odontologia em Sa\u00fade P\u00fablica, que na \u00faltima avalia\u00e7\u00e3o da CAPES recebeu nota 5, a nota mais alta para um curso de Mestrado.<\/p>\n\t\t\t<\/div> <!-- Close content div. -->\n\t\t<\/div> <!-- Close collapse div. -->\n\t<\/div> <!-- Close card div. -->\n\t<\/div>\n<\/div>\n<\/div>\n\n\n<p><strong>Assista ao v\u00eddeo comemorativo dos 45 anos do Programa de P\u00f3s-Gradua\u00e7\u00e3o da FAO &#8211; UFMG.<\/strong><\/p>\n\n\n\n<figure class=\"wp-block-embed is-type-video is-provider-youtube wp-block-embed-youtube wp-embed-aspect-16-9 wp-has-aspect-ratio\"><div class=\"wp-block-embed__wrapper\">\n<iframe loading=\"lazy\" title=\"Celebra\u00e7\u00e3o dos 45 anos do Programa de P\u00f3s-Gradua\u00e7\u00e3o em Odontologia\" width=\"500\" height=\"281\" src=\"https:\/\/www.youtube.com\/embed\/o-Y-hnxtL-8?feature=oembed\" frameborder=\"0\" allow=\"accelerometer; autoplay; clipboard-write; encrypted-media; gyroscope; picture-in-picture; web-share\" referrerpolicy=\"strict-origin-when-cross-origin\" allowfullscreen><\/iframe>\n<\/div><\/figure>\n\n\n\n<div style=\"height:100px\" aria-hidden=\"true\" class=\"wp-block-spacer\"><\/div>\n\n\n\n<h2 class=\"wp-block-heading\">Not\u00edcias<\/h2>\n","protected":false},"excerpt":{"rendered":"<p>Assista ao v\u00eddeo comemorativo dos 45 anos do Programa de P\u00f3s-Gradua\u00e7\u00e3o da FAO &#8211; UFMG. Not\u00edcias<\/p>\n","protected":false},"author":1,"featured_media":0,"parent":0,"menu_order":182,"comment_status":"closed","ping_status":"closed","template":"page-templates\/page-news.php","meta":{"_acf_changed":false,"footnotes":""},"class_list":["post-271","page","type-page","status-publish","hentry"],"acf":[],"_links":{"self":[{"href":"http:\/\/sjcampos.cedecom.ufmg.br:8888\/odonto_posgrad\/wp-json\/wp\/v2\/pages\/271"}],"collection":[{"href":"http:\/\/sjcampos.cedecom.ufmg.br:8888\/odonto_posgrad\/wp-json\/wp\/v2\/pages"}],"about":[{"href":"http:\/\/sjcampos.cedecom.ufmg.br:8888\/odonto_posgrad\/wp-json\/wp\/v2\/types\/page"}],"author":[{"embeddable":true,"href":"http:\/\/sjcampos.cedecom.ufmg.br:8888\/odonto_posgrad\/wp-json\/wp\/v2\/users\/1"}],"replies":[{"embeddable":true,"href":"http:\/\/sjcampos.cedecom.ufmg.br:8888\/odonto_posgrad\/wp-json\/wp\/v2\/comments?post=271"}],"version-history":[{"count":14,"href":"http:\/\/sjcampos.cedecom.ufmg.br:8888\/odonto_posgrad\/wp-json\/wp\/v2\/pages\/271\/revisions"}],"predecessor-version":[{"id":2309,"href":"http:\/\/sjcampos.cedecom.ufmg.br:8888\/odonto_posgrad\/wp-json\/wp\/v2\/pages\/271\/revisions\/2309"}],"wp:attachment":[{"href":"http:\/\/sjcampos.cedecom.ufmg.br:8888\/odonto_posgrad\/wp-json\/wp\/v2\/media?parent=271"}],"curies":[{"name":"wp","href":"https:\/\/api.w.org\/{rel}","templated":true}]}}